List the prime factors of 4383400204.
2, 1095850051
List the prime factors of 14837912.
2, 1854739
List the prime factors of 196095300.
2, 3, 5, 653651
List the prime factors of 102529039.
101, 1015139
List the prime factors of 1942684949.
23, 53, 661, 2411
What are the prime factors of 735020444?
2, 83, 409, 5413
List the prime factors of 16422638.
2, 67, 122557
What are the prime factors of 899377940?
2, 5, 1453, 30949
What are the prime factors of 1054324535?
5, 11, 19, 1008923
What are the prime factors of 166995162?
2, 3, 3092503
List the prime factors of 1101385826.
2, 550692913
What are the prime factors of 601336901?
11, 54666991
What are the prime factors of 165205169?
31, 5329199
List the prime factors of 1364850007.
1364850007
What are the prime factors of 167604428?
2, 17, 1361, 1811
List the prime factors of 565399466.
2, 67, 367, 11497
What are the prime factors of 85607921?
7, 12229703
What are the prime factors of 118894126?
2, 13, 293, 15607
List the prime factors of 73475926.
2, 19, 1933577
What are the prime factors of 178341704?
2, 22292713
What are the prime factors of 47798804?
2, 11949701
List the prime factors of 242301774.
2, 3, 11, 13, 25673
List the prime factors of 440970777.
3, 13, 353, 3559
List the prime factors of 19060588.
2, 353, 13499
List the prime factors of 128882882.
2, 17, 227, 16699
List the prime factors of 178258070.
2, 5, 29, 614683
List the prime factors of 2576547654.
2, 3, 293, 337, 4349
What are the prime factors of 6335540369?
6335540369
List the prime factors of 1017877537.
61, 16686517
What are the prime factors of 272560716?
2, 3, 227, 33353
List the prime factors of 1444209236.
2, 4289, 84181
List the prime factors of 380540426.
2, 7, 27181459
List the prime factors of 197492741.
641, 308101
List the prime factors of 481123967.
481123967
What are the prime factors of 55239199?
1459, 37861
What are the prime factors of 323153302?
2, 161576651
List the prime factors of 56897821.
2767, 20563
List the prime factors of 370706404.
2, 37, 349, 7177
List the prime factors of 2762684471.
2762684471
What are the prime factors of 2014566537?
3, 671522179
List the prime factors of 22148712.
2, 3, 283, 1087
What are the prime factors of 91106486?
2, 45553243
What are the prime factors of 33375935?
5, 1489, 4483
List the prime factors of 1937118718.
2, 41, 23623399
List the prime factors of 262225179.
3, 37, 227, 3469
List the prime factors of 2613243999.
3, 73, 647, 18443
List the prime factors of 44946695.
5, 109, 82471
What are the prime factors of 1252880594?
2, 7, 43, 131, 15887
What are the prime factors of 55572886?
2, 271, 102533
List the prime factors of 1105752687.
3, 13, 29, 33713
List the prime factors of 44698770.
2, 3, 5, 165551
List the prime factors of 129733886.
2, 64866943
What are the prime factors of 49722433?
17, 233, 12553
What are the prime factors of 47081905?
5, 13, 19, 67, 569
List the prime factors of 11447878.
2, 13, 440303
List the prime factors of 28865259.
3, 3207251
List the prime factors of 91742617.
151, 467, 1301
List the prime factors of 160626187.
179, 821, 1093
List the prime factors of 225890696.
2, 17, 19, 43, 107
What are the prime factors of 378523437?
3, 126174479
List the prime factors of 4139426324.
2, 11, 94077871
List the prime factors of 675290778.
2, 3, 112548463
List the prime factors of 38937245.
5, 53, 146933
What are the prime factors of 209702755?
5, 31, 1352921
List the prime factors of 68424298.
2, 127, 269387
What are the prime factors of 1071916508?
2, 13, 2161, 9539
What are the prime factors of 437235001?
7, 29, 53, 40639
List the prime factors of 166224171.
3, 55408057
List the prime factors of 392671218.
2, 3, 65445203
List the prime factors of 1073204459.
67, 16017977
What are the prime factors of 232929188?
2, 23, 709, 3571
What are the prime factors of 54200475?
3, 5, 7, 11471
List the prime factors of 25861431.
3, 1283, 6719
List the prime factors of 1005195609.
3, 11, 1489, 2273
What are the prime factors of 1970748574?
2, 1409, 699343
What are the prime factors of 1384985710?
2, 5, 23, 43, 131, 1069
What are the prime factors of 1722666302?
2, 7, 101, 109, 11177
List the prime factors of 504724149.
3, 29, 349, 1847
List the prime factors of 1173993767.
4799, 244633
List the prime factors of 2704962805.
5, 73, 7410857
List the prime factors of 43137787.
7, 11, 163, 491
What are the prime factors of 260068946?
2, 130034473
List the prime factors of 2638871727.
3, 879623909
What are the prime factors of 670366254?
2, 3, 111727709
What are the prime factors of 1812431173?
7, 281, 643, 1433
What are the prime factors of 211045824?
2, 3, 11, 3701
List the prime factors of 31968265.
5, 7, 59, 113, 137
What are the prime factors of 284494333?
227, 1253279
What are the prime factors of 1986548821?
17, 59, 1980607
List the prime factors of 3101969432.
2, 43, 9017353
What are the prime factors of 2004829472?
2, 62650921
List the prime factors of 3308025547.
61, 54229927
List the prime factors of 1000339436.
2, 19, 263, 50047
What are the prime factors of 742814451?
3, 53, 151, 10313
What are the prime factors of 1269538917?
3, 1231, 343769
What are the prime factors of 49636648?
2, 79, 78539
List the prime factors of 76594818.
2, 3, 12765803
What are the prime factors of 3014115634?
2, 1507057817
List the prime factors of 745935141.
3, 7, 97, 366193
What are the prime factors of 37233645?
3, 5, 2482243
What are the prime factors of 373691539?
13, 28745503
List the prime factors of 63297615.
3, 5, 1759, 2399
List the prime factors of 205963509.
3, 68654503
List the prime factors of 44150656.
2, 11, 31357
List the prime factors of 83205217.
557, 149381
List the prime factors of 78518878.
2, 39259439
What are the prime factors of 3163663389?
3, 29, 47, 457, 1693
What are the prime factors of 2423862870?
2, 3, 5, 11, 13, 19, 131, 227
List the prime factors of 427607555.
5, 157, 544723
What are the prime factors of 242015931?
3, 401, 7451
List the prime factors of 66341932.
2, 16585483
List the prime factors of 262523190.
2, 3, 5, 19, 31, 83, 179
What are the prime factors of 262298657?
31, 8461247
What are the prime factors of 951007415?
5, 101, 1883183
List the prime factors of 148984998.
2, 3, 1877, 13229
What are the prime factors of 1955992620?
2, 3, 5, 19, 1715783
What are the prime factors of 257192170?
2, 5, 19, 251, 5393
What are the prime factors of 495565390?
2, 5, 151, 257, 1277
What are the prime factors of 1805706115?
5, 361141223
What are the prime factors of 3088167?
3, 947, 1087
What are the prime factors of 174925488?
2, 3, 23, 83
List the prime factors of 232568429.
29, 1777, 4513
List the prime factors of 66316550.
2, 5, 79, 103, 163
What are the prime factors of 2827694772?
2, 3, 7, 61, 757
List the prime factors of 64937891.
41, 1583851
List the prime factors of 8917756179.
3, 2972585393
What are the prime factors of 1173193479?
3, 2749, 47419
What are the prime factors of 897714680?
2, 5, 41, 547387
What are the prime factors of 75936225?
3, 5, 23, 44021
List the prime factors of 4160230.
2, 5, 416023
What are the prime factors of 57243419?
29, 1973911
List the prime factors of 644971680.
2, 3, 5, 173, 863
List the prime factors of 706854053.
167, 4232659
List the prime factors of 15718121.
15718121
What are the prime factors of 3995781205?
5, 13, 241, 255077
List the prime factors of 369663680.
2, 5, 113, 10223
List the prime factors of 1266147400.
2, 5, 7, 37, 24443
List the prime factors of 853259061.
3, 1933, 147139
What are the prime factors of 379110867?
3, 126370289
List the prime factors of 791269411.
73, 2749, 3943
What are the prime factors of 1647910132?
2, 11, 53, 227, 283
List the prime factors of 1513820702.
2, 59, 12828989
List the prime factors of 168457010.
2, 5, 113, 149077
List the prime factors of 613141190.
2, 5, 61314119
List the prime factors of 5916593369.
19, 29, 1129, 9511
List the prime factors of 140518323.
3, 11, 1419377
List the prime factors of 4319575466.
2, 2159787733
List the prime factors of 23006268.
2, 3, 23669
What are the prime factors of 1829848017?
3, 609949339
What are the prime factors of 454594881?
3, 13, 31, 376009
What are the prime factors of 51079638?
2, 3, 19, 448067
What are th